0010221201?
1122200010221202
In base 2, what is -101000111 - 100011000000010?
-100011101001001
In base 11, what is 5252 + 19a5?
7147
In base 11, what is -1300188 + -a?
-1300197
In base 4, what is 1311 - 2122021?
-2120110
In base 8, what is -74272237 + 2?
-74272235
In base 15, what is 87967 + -10a?
8785c
In base 6, what is 5204 - -1404?
11012
In base 11, what is -616303 - -a?
-6162a4
In base 11, what is 847a2 - -4a70?
89762
In base 5, what is -244 + 11121444113?
11121443314
In base 4, what is 1132300322 - 1003?
1132233313
In base 5, what is 4143030144111 + 0?
4143030144111
In base 5, what is 2030 + -23440201?
-23433121
In base 9, what is 751622 + -11?
751611
In base 14, what is 5 + 129662a1?
129662a6
In base 11, what is -643 - 31168?
-31800
In base 5, what is 21 + -3343333333?
-3343333312
In base 6, what is -10 - 51020053?
-51020103
In base 9, what is 27357340 - -121?
27357461
In base 3, what is -2122001011100 - 0?
-2122001011100
In base 10, what is 285958853 - 2?
285958851
In base 9, what is 121056 - 2035?
118021
In base 5, what is 20330 - -144402?
220232
In base 14, what is 3c6 - -8b20?
9106
In base 13, what is -1 - -67c0c56?
67c0c55
In base 13, what is 3 - -2314147?
231414a
In base 5, what is 110 - -1031232440?
1031233100
In base 16, what is dfca + 1219?
f1e3
In base 6, what is -1353333 + 201?
-1353132
In base 8, what is -12715 - -67676?
54761
In base 2, what is 1100011101111 - 110000111101111?
-100100100000000
In base 12, what is 1b61612 - -2?
1b61614
In base 8, what is -52 + -13412?
-13464
In base 10, what is 187900 + 107?
188007
In base 2, what is 111000101111011011000001 - -101?
111000101111011011000110
In base 14, what is -1c07 + 20c1?
2b8
In base 15, what is 3976 - 3c55?
-2ce
In base 2, what is 100 + 100110010000000000110101?
100110010000000000111001
In base 7, what is -1526434 - 31?
-1526465
In base 6, what is -5 - 132502400?
-132502405
In base 12, what is 2 - a431767?
-a431765
In base 12, what is 574a12 + -5?
574a09
In base 3, what is -10221020221112110 - 0?
-10221020221112110
In base 12, what is 100b + 3783?
4792
In base 7, what is 11 + -230522531?
-230522520
In base 15, what is -3be8 + -5e7?
-42e0
In base 4, what is -300 - -1030230300101?
1030230233201
In base 6, what is 4 - -10203345250?
10203345254
In base 10, what is -2 + 2181375?
2181373
In base 16, what is -5 + -19f66b?
-19f670
In base 16, what is -2f2c43 - -15?
-2f2c2e
In base 5, what is 3404103342 + 30?
3404103422
In base 4, what is 101312031030 + -1?
101312031023
In base 12, what is 176 + -81740b?
-817255
In base 13, what is 3c6 + -95a9?
-91b3
In base 11, what is 1143 + 3185?
4318
In base 14, what is -14114 + 2?
-14112
In base 13, what is 6 - -253665?
25366b
In base 7, what is 134352252 - -1?
134352253
In base 16, what is 446d - a82?
39eb
In base 14, what is -4c38a7 - 3?
-4c38aa
In base 7, what is 5 + -14360431?
-14360423
In base 3, what is -20102 - -1122110210?
1122020101
In base 14, what is -7 + 9c4978?
9c4971
In base 14, what is -1769 + -475b?
-60c6
In base 6, what is -1432 - -2502301?
2500425
In base 15, what is -5 + 95da78e?
95da789
In base 11, what is -1317 + -a14?
-2230
In base 9, what is -6103751 - -4?
-6103746
In base 4, what is -13321033333 - 1?
-13321100000
In base 9, what is -8235002 - -1?
-8235001
In base 7, what is -2414656 - -21?
-2414635
In base 5, what is -11413110 - 242?
-11413402
In base 11, what is -4 + 1421678?
1421674
In base 2, what is -10001001101011001 + -11?
-10001001101011100
In base 3, what is -200122220212 + 12?
-200122220200
In base 6, what is -1511 + -11334304?
-11340215
In base 2, what is -1110110011101110111 - 11?
-1110110011101111010
In base 3, what is 2210 + 22022020110?
22022100020
In base 9, what is 74232 - -160?
74402
In base 12, what is -4 + 47a1b94?
47a1b90
In base 16, what is -2 - -5d75efc?
5d75efa
In base 2, what is 11110101 + 11001000000111110?
11001000100110011
In base 16, what is 40638 - 58b?
400ad
In base 5, what is 11304030 + -114432?
11134043
In base 16, what is -30ce4 + -99?
-30d7d
In base 7, what is -334611330 - -4?
-334611323
In base 16, what is -1902a384 - 4?
-1902a388
In base 6, what is 1452132 - -5?
1452141
In base 2, what is -10001011 - 1111001001111010?
-1111001100000101
In base 15, what is 116da + 62d?
11d18
In base 13, what is -a91cc091 + 3?
-a91cc08b
In base 13, what is -7ba + -271c?
-3209
In base 14, what is -1c + 30886?
30868
In base 11, what is -415 - -1983?
1569
In base 13, what is 10443020 + -b?
10443012
In base 14, what is -4b + 39607?
3959a
In base 15, what is a00c9 - -61?
a013a
In base 3, what is 11 + 12001220201001?
12001220201012
In base 2, what is -1100 - -101000010100000011010110?
101000010100000011001010
In base 10, what is 8 + 12571545?
12571553
In base 13, what is 687b08 - -c?
687b17
In base 2, what is -111111110011101000101000011 - 0?
-111111110011101000101000011
In base 10, what is -7 + 3459657?
3459650
In base 7, what is -14325203 - -2320?
-14322553
In base 11, what is 4965678 - -5?
4965682
In base 14, what is 109 - -82db01?
82dc0a
In base 10, what is 12513 - -5320?
17833
In base 4, what is -1233221 + -31331312?
-33231133
In base 16, what is -2 - 281cfa?
-281cfc
In base 9, what is -25264684 + -3?
-25264687
In base 16, what is 25 - -72cf26?
72cf4b
In base 11, what is -402a758 - -14?
-402a744
In base 16, what is -126 - 7bce9?
-7be0f
In base 2, what is -110110000101110101010011 - 0?
-110110000101110101010011
In base 4, what is 10 - -110213002203?
110213002213
In base 13, what is -b810 - 62b?
-c13b
In base 9, what is 1622 - -108028?
110651
In base 9, what is -3874 + 17675?
13701
In base 11, what is 27463975 + -3?
27463972
In base 2, what is 1001000010011 - -11010?
1001000101101
In base 8, what is 1 + 102662331?
102662332
In base 11, what is 299a608 - 7?
299a601
In base 11, what is 15913 - 1704?
1420a
In base 11, what is 12a133a02 + -2?
12a133a00
In base 6, what is -3 - 3052015553?
-3052020000
In base 13, what is 10b7 + -96c?
448
In base 7, what is -53413 + -16546?
-103262
In base 8, what is 167 - -140726?
141115
In base 3, what is -1020100 - -10021211?
2001111
In base 10, what is 15789022 + 5?
15789027
In base 16, what is 4fc6115 - 0?
4fc6115
In base 11, what is -2156 + -a8265?
-aa410
In base 12, what is -12407 - 1577?
-13982
In base 16, what is 12203 - d?
121f6
In base 6, what is 12 + -4041325?
-4041313
In base 10, what is -52148 - 80?
-52228
In base 16, what is 1344 - -7871?
8bb5
In base 14, what is 238 - -13685?
138bd
In base 10, what is -5727401 + 3?
-5727398
In base 4, what is -112333122021 + 11?
-112333122010
In base 7, what is -321 + 205354?
205033
In base 5, what is 22141431 + 10024?
22202010
In base 13, what is -285956 + -1c?
-285975
In base 6, what is 225444511 + -10?
225444501
In base 6, what is 2054311235 - -4?
2054311243
In base 14, what is 1c131c2b - 3?
1c131c28
In base 6, what is -1323542 + -10255?
-1334241
In base 13, what is -a2b - -a8a87?
a8059
In base 13, what is 5 + 14579?
14581
In base 6, what is -1455533405 + 3?
-1455533402
In base 15, what is -21b3 - -c5e?
-1454
In base 9, what is -164 - 145513?
-145677
In base 14, what is 17012b8 + -3?
17012b5
In base 6, what is -2300545 - -12?
-2300533
In base 6, what is -1044 - 53132?
-54220
In base 4, what is -1131 + 11322313303?
11322312112
In base 10, what is 4 - -3549435?
3549439
In base 2, what is 111110110100001110110 + -110?
111110110100001110000
In base 6, what is 25553310032 - 0?
25553310032
In base 3, what is 20112212021012 - -12?
20112212021101
In base 2, what is 10001 - 10000110001111110110101?
-10000110001111110100100
In base 6, what is -134315542511 + -4?
-134315542515
In base 4, what is -2033 + -301002023?
-301010122
In base 8, what is 3027 + -410442?
-405413
In base 7, what is 454653 + -4?
454646
In base 2, what is -100 - -1011010000101101000110?
1011010000101101000010
In base 2, what is 100100110 - 100011100100101110?
-100011100000001000
In base 9, what is -56740 - -230?
-56510
In base 9, what is 215 - 47444?
-47228
In base 5, what is -2014022143 - 3210?
-2014030403
In base 9, what is 366504708 - -5?
366504714
In base 15, what is 4b138 - 9?
4b12e
In base 13, what is 46a9 - 182?
4527
In base 13, what is 0 + 122ca521?
122ca521
In base 10, what is 7335 + 1938?
9273
In base 4, what is 3022011 - -133312?
3221323
In base 13, wh